{"id":46,"date":"2018-01-25T23:57:23","date_gmt":"2018-01-25T23:57:23","guid":{"rendered":"http:\/\/gaardsdal.dk\/?page_id=46"},"modified":"2018-02-12T10:51:42","modified_gmt":"2018-02-12T10:51:42","slug":"soren","status":"publish","type":"page","link":"https:\/\/www.gaardsdal.dk\/index.php\/soren\/","title":{"rendered":"S\u00f8ren"},"content":{"rendered":"<p>[et_pb_section bb_built=&#8221;1&#8243;][et_pb_row][et_pb_column type=&#8221;1_3&#8243;][\/et_pb_column][et_pb_column type=&#8221;2_3&#8243;][et_pb_text _builder_version=&#8221;3.0.97&#8243; background_layout=&#8221;light&#8221;]<\/p>\n<h2><b>S\u00f8ren Gaardsdal<\/b><\/h2>\n<p>Jeg er f\u00f8dt i Aarhus, og har levet hele min barndom i Vejlby, som er en lille by der efterh\u00e5nden er vokset sammen med Aarhus. Jeg startede med at g\u00e5 p\u00e5 Vejlby skole, hvor jeg gik fra f\u00f8rste klasse og til og med fjerde hvor familien flyttede til Lystrup. Femte og sjette klasse blev tilbragt p\u00e5 Elsted skole, hvorefter jeg blev flyttet til Virup skolen i Hjortsh\u00f8j. Ottende klasse skulle jeg havde g\u00e5et p\u00e5 Sk\u00e6ring skole, men da l\u00e6rerne ikke kunne blive enige med mig (???), s\u00e5 valgte mine for\u00e6ldre at jeg skulle begynde p\u00e5 Mellerup fri &amp; efterskole ved Randers. Efter et dejligt ophold p\u00e5 efterskolen fortsatte jeg til R\u00f8nde h\u00f8jskole hvor jeg havde mange gode timer.<br \/>\nEfter R\u00f8nde h\u00f8jskole s\u00f8gte jeg ind til milit\u00e6ret som konstabelelev og var til optagelsespr\u00f8ve p\u00e5 flyvestation V\u00e6rl\u00f8se, hvor jeg blev antaget. D. 1 august 1978 startede jeg som konstabelelev ved Dronningens Livregiment p\u00e5 N\u00f8rre Utterup Kaserne, hvor jeg efter seks m\u00e5neders grunduddannelse blev overf\u00f8rt til f\u00f8rste kompagni Prinsens Livregiment i Viborg.<br \/>\nEfter en l\u00e6rerig tid i Viborg bliver jeg efter ans\u00f8gning forflyttet til Skive hvor jeg g\u00f8r tjeneste ved 2 jyske brigade stabs kompagni.<br \/>\nEfter et par \u00e5r i skive kom jeg p\u00e5 FN uddannelse i J\u00e6gerspris og kort efter udsendt som \u201csk\u00e6v rotant\u201d til Cypern p\u00e5 Dancon hold XXXII hvor jeg var s\u00e5 heldig at komme til Kokkina og g\u00f8re tjeneste p\u00e5 \u201cOP D 03 Mosquito\u201d. Her var jeg i perioden november 79 til maj 80. Fra maj m\u00e5ned 1980 og til september foregik tjenesten p\u00e5 \u201cOP Delta 04 Stavromeni\u201d, man da hed holdet Dancon hold XXXIII.<br \/>\nEfter et godt ophold p\u00e5 Cypern kom jeg tilbage til Skive, som jeg desv\u00e6rre ret hurtig m\u00e5tte forlade p\u00e5 grund af sygdom i n\u00e6rmeste familie.Jeg startede i Aarhus p\u00e5 Langelandsgade kaserne som chauff\u00f8r i det der dengang hed Vesterlandsdels kommandos k\u00f8repulje, her havde jeg nogle dejlige \u00e5r med mange gode og sp\u00e6ndene opgaver.<br \/>\nN\u00e6ste skels\u00e6ttende stop var overf\u00f8rselen til flyvev\u00e5bnet, hvor jeg startede p\u00e5 flyvestation Tirstrup p\u00e5 Djursland, som hundef\u00f8rer i hovedvagten med sin f\u00f8rste hund Nico. Her varjeg lige til kort f\u00f8r flyvestationen lukkede.<br \/>\nEfter et meget kort men dejligt ophold p\u00e5 flyvestation Aalborg, var jeg s\u00e5 heldig at f\u00e5 en stilling som hundef\u00f8rer i hovedvagten p\u00e5 flyvestation Karup, hvor jeg stadig er tjenesteg\u00f8rende, men forsvaret f\u00f8lger skam ogs\u00e5 med tiden, s\u00e5 idag hedder Flyvestation Karup, Helicopter Wing Karup.<br \/>\nEfter et par \u00e5r blev jeg valgt som tillidsmand i Centralforeningen af stampersonel af mine kolleger. Jeg var tillidsmand indtil efter\u00e5ret 2013, ialt 13 gode \u00e5r med mange gode oplevelser og udfordringer.<br \/>\nUd over mit milit\u00e6re job, har jeg ogs\u00e5 et deltids job som security assistent i sikkerhedskontrollen i Karup Lufthavn.<br \/>\nD. 15 februar 2014 flyttede min dejlige k\u00e6reste og jeg vestp\u00e5, n\u00e6rmere bestemt til den gamle k\u00f8bstad Ringk\u00f8bing.<\/p>\n<p>[\/et_pb_text][\/et_pb_column][\/et_pb_row][\/et_pb_section]<\/p>\n","protected":false},"excerpt":{"rendered":"<p>[et_pb_section bb_built=&#8221;1&#8243;][et_pb_row][et_pb_column type=&#8221;1_3&#8243;][\/et_pb_column][et_pb_column type=&#8221;2_3&#8243;][et_pb_text _builder_version=&#8221;3.0.97&#8243; background_layout=&#8221;light&#8221;] S\u00f8ren Gaardsdal Jeg er f\u00f8dt i Aarhus, og har levet hele min barndom i Vejlby, som er en lille by der efterh\u00e5nden er vokset sammen med Aarhus. Jeg startede med at g\u00e5 p\u00e5 Vejlby skole, hvor jeg gik fra f\u00f8rste klasse og til og med fjerde hvor familien flyttede [&hellip;]<\/p>\n","protected":false},"author":1,"featured_media":0,"parent":0,"menu_order":0,"comment_status":"closed","ping_status":"closed","template":"","meta":{"footnotes":""},"class_list":["post-46","page","type-page","status-publish","hentry"],"_links":{"self":[{"href":"https:\/\/www.gaardsdal.dk\/index.php\/wp-json\/wp\/v2\/pages\/46","targetHints":{"allow":["GET"]}}],"collection":[{"href":"https:\/\/www.gaardsdal.dk\/index.php\/wp-json\/wp\/v2\/pages"}],"about":[{"href":"https:\/\/www.gaardsdal.dk\/index.php\/wp-json\/wp\/v2\/types\/page"}],"author":[{"embeddable":true,"href":"https:\/\/www.gaardsdal.dk\/index.php\/wp-json\/wp\/v2\/users\/1"}],"replies":[{"embeddable":true,"href":"https:\/\/www.gaardsdal.dk\/index.php\/wp-json\/wp\/v2\/comments?post=46"}],"version-history":[{"count":3,"href":"https:\/\/www.gaardsdal.dk\/index.php\/wp-json\/wp\/v2\/pages\/46\/revisions"}],"predecessor-version":[{"id":234,"href":"https:\/\/www.gaardsdal.dk\/index.php\/wp-json\/wp\/v2\/pages\/46\/revisions\/234"}],"wp:attachment":[{"href":"https:\/\/www.gaardsdal.dk\/index.php\/wp-json\/wp\/v2\/media?parent=46"}],"curies":[{"name":"wp","href":"https:\/\/api.w.org\/{rel}","templated":true}]}}